f 391440?
True
Is 4173037 a multiple of 97?
True
Is 2122083 a multiple of 20?
False
Is 2090768 a multiple of 51?
False
Does 37 divide 2920439?
False
Is 11 a factor of 13492?
False
Is 12 a factor of 1997325?
False
Is 1799798 a multiple of 638?
True
Does 14 divide 35940257?
False
Is 219 a factor of 8766017?
False
Is 72584 a multiple of 422?
True
Is 15 a factor of 118536?
False
Does 17 divide 791452?
True
Does 161 divide 40821?
False
Is 785090 a multiple of 400?
False
Is 87976 a multiple of 340?
False
Does 31 divide 174224?
False
Does 83 divide 524235?
False
Is 1188 a factor of 2174656?
False
Does 424 divide 1288812?
False
Is 9 a factor of 606849?
False
Is 5135 a multiple of 79?
True
Does 54 divide 106758?
True
Does 239 divide 7170050?
False
Does 1021 divide 10262071?
True
Is 109 a factor of 179090?
False
Is 7 a factor of 823830?
True
Does 15 divide 299775?
True
Is 1518816 a multiple of 48?
True
Is 665896 a multiple of 154?
True
Is 2125958 a multiple of 39?
False
Is 278 a factor of 294402?
True
Does 38 divide 76495?
False
Is 4184642 a multiple of 431?
False
Is 35 a factor of 672945?
True
Does 6 divide 184797?
False
Does 13 divide 3922212?
False
Is 375 a factor of 3339750?
True
Is 63 a factor of 319091?
False
Does 867 divide 39249?
False
Does 499 divide 101910?
False
Is 79728 a multiple of 44?
True
Is 617823 a multiple of 19?
True
Is 350948 a multiple of 442?
True
Is 608 a factor of 125856?
True
Is 4992 a multiple of 48?
True
Does 128 divide 67874?
False
Is 28 a factor of 479319?
False
Is 9 a factor of 10105039?
False
Is 1566674 a multiple of 5?
False
Is 1491476 even?
True
Does 26 divide 307164?
True
Is 138 a factor of 120376?
False
Is 1200881 a multiple of 2?
False
Is 3678617 a multiple of 10?
False
Is 235381 a multiple of 63?
False
Is 16 a factor of 2566806?
False
Does 123 divide 3636129?
False
Is 47 a factor of 22177843?
True
Does 228 divide 114338?
False
Does 137 divide 89489?
False
Is 384958 a multiple of 190?
False
Is 673985 a multiple of 41?
False
Does 155 divide 124000?
True
Is 2495038 a multiple of 30?
False
Does 3 divide 89175?
True
Is 11 a factor of 25993?
True
Is 1274655 a multiple of 15?
True
Does 7 divide 15351?
True
Is 290422 a multiple of 11?
True
Does 39 divide 198326?
False
Is 9 a factor of 2373813?
True
Is 6 a factor of 442524?
True
Does 25 divide 56200?
True
Is 694278 a multiple of 13?
True
Does 405 divide 57429?
False
Is 76609 a multiple of 5?
False
Is 81 a factor of 4651506?
True
Is 13911390 a multiple of 98?
False
Is 98 a factor of 74940?
False
Is 18 a factor of 13941380?
False
Is 363786 a multiple of 6?
True
Is 11 a factor of 93900?
False
Is 1405152 a multiple of 738?
True
Does 13 divide 174141?
False
Is 18654859 a multiple of 29?
True
Does 11 divide 15675?
True
Is 52 a factor of 1881620?
True
Is 86 a factor of 406295?
False
Does 24 divide 257160?
True
Does 619 divide 8474110?
True
Is 31488 a multiple of 164?
True
Is 8 a factor of 913686?
False
Does 33 divide 488994?
True
Is 403556 a multiple of 466?
True
Does 1160 divide 21011080?
True
Is 41 a factor of 2004336?
False
Does 53 divide 41768?
False
Does 603 divide 318570?
False
Is 335 a factor of 3146684?
False
Does 126 divide 3097100?
False
Does 4 divide 3996?
True
Is 1433 a factor of 4932397?
False
Does 310 divide 11780?
True
Does 85 divide 407660?
True
Does 295 divide 3182460?
True
Does 590 divide 386450?
True
Is 4 a factor of 286619?
False
Is 28 a factor of 164080?
True
Does 259 divide 530173?
True
Is 259074 a multiple of 333?
True
Does 77 divide 27412?
True
Is 1630912 a multiple of 272?
True
Is 21 a factor of 220332?
True
Does 143 divide 155107?
False
Is 2938507 a multiple of 13?
True
Does 494 divide 580612?
False
Is 229957 a multiple of 49?
True
Is 103 a factor of 574539?
False
Does 14 divide 248544?
False
Does 41 divide 292166?
True
Is 2280133 a multiple of 288?
False
Does 327 divide 4011963?
True
Does 189 divide 3712527?
True
Does 150 divide 1173573?
False
Is 1421 a factor of 4578462?
True
Does 71 divide 14389967?
False
Is 399 a factor of 1015383?
False
Is 2977151 a multiple of 1607?
False
Is 26 a factor of 37834?
False
Is 706 a factor of 127786?
True
Is 15 a factor of 2411445?
True
Is 20997 a multiple of 12?
False
Does 78 divide 897144?
False
Is 21574047 a multiple of 341?
True
Does 143 divide 89947?
True
Is 4758476 a multiple of 22?
False
Is 28774650 a multiple of 28?
False
Does 46 divide 42182?
True
Does 14 divide 17612?
True
Is 3 a factor of 1446?
True
Is 581856 a multiple of 232?
True
Is 214873 a multiple of 7?
False
Does 5 divide 34418?
False
Does 152 divide 5928?
True
Does 180 divide 373852?
False
Does 256 divide 761775?
False
Is 36 a factor of 318636?
True
Is 403 a factor of 1171521?
True
Is 4484736 a multiple of 144?
True
Does 13 divide 17128916?
False
Does 484 divide 2607792?
True
Is 104458 a multiple of 19?
False
Does 16 divide 58448?
True
Is 41400 a multiple of 75?
True
Is 556226 a multiple of 11?
True
Is 4827431 a multiple of 7?
True
Is 553 a factor of 217882?
True
Does 11 divide 219571?
True
Does 14 divide 2284114?
True
Is 443021 a multiple of 175?
False
Does 11 divide 1998568?
True
Is 1637933 a multiple of 461?
True
Does 2 divide 661985?
False
Is 385565 a multiple of 10?
False
Is 1718 a factor of 22254972?
True
Does 104 divide 11960?
True
Does 19 divide 1483?
False
Is 279294 a multiple of 39?
False
Is 164 a factor of 642564?
False
Is 9854156 a multiple of 62?
True
Is 519156 a multiple of 276?
True
Is 394 a factor of 10883856?
True
Is 36946 a multiple of 13?
True
Is 3 a factor of 20883?
True
Is 39630 a multiple of 15?
True
Does 11 divide 2853488?
True
Is 1087829 a multiple of 7?
False
Is 1619360 a multiple of 31?
False
Is 16 a factor of 22576?
True
Is 8450484 a multiple of 84?
True
Is 309424 a multiple of 26?
False
Is 271 a factor of 1385524?
False
Is 21 a factor of 203309?
False
Does 13 divide 477087?
True
Is 61 a factor of 32151?
False
Does 12 divide 469054?
False
Is 3357145 a multiple of 1705?
True
Is 2076624 a multiple of 198?
True
Is 1620869 a multiple of 197?
False
Does 2 divide 13669?
False
Is 1334 a factor of 594792?
False
Is 5279 a multiple of 426?
False
Is 85 a factor of 93714?
False
Does 156 divide 256308?
True
Is 6498577 a multiple of 136?
False
Is 949103 a multiple of 115?
False
Does 61 divide 157789?
False
Does 189 divide 1836702?
True
Does 888 divide 23290464?
True
Does 76 divide 18358256?
True
Is 5 a factor of 79255?
True
Does 54 divide 2458712?
False
Does 6 divide 1014312?
True
Is 294 a factor of 972552?
True
Does 56 divide 35280?
True
Does 4 divide 637239?
False
Is 15 a factor of 57690?
True
Does 210 divide 6465900?
True
Is 16 a factor of 34640?
True
Does 34 divide 523131?
False
Is 8 a factor of 2768?
True
Does 41 divide 126157?
True
Is 519904 a multiple of 12?
False
Does 17 divide 2035699?
True
Is 18 a factor of 2601378?
True
Does 52 divide 781560?
True
Is 618 a factor of 19520766?
True
Is 78440 a multiple of 219?
False
Is 1649262 a multiple of 6?
True
Is 97 a factor of 900639?
False
Is 9 a factor of 504273?
False
Is 72004 a multiple of 94?
True
Does 11 divide 2448560?
False
Does 22 divide 155804?
True
Is 396 a factor of 3554900?
False
Does 147 divide 427309?
False
Is 370524 a multiple of 401?
True
Is 1278380 a multiple of 801?
False
Is 75 a factor of 33900?
True
Does 52 divide 84240?
True
Is 410734 a multiple of 177?
False
Does 388 divide 1979728?
False
Is 157 a factor of 343830?
True
Is 167 a factor of 1939881?
False
Does 14 divide 7690982?
False
Is 659 a factor of 26360?
True
Is 274 a factor of 225776?
True
Does 21 divide 8836422?
True
Is 1080924 a multiple of 246?
True
Is 2941612 a multiple of 100?
False
Is 32 a factor of 54752?
True
Is 25 a factor of 71340?
False
Is 6516513 a multiple of 9?
True
Is 139221 a multiple of 104?
False
Does 75 divide 940425?
True
Is 9 a factor of 121369?
False
Is 96 a factor of 2966019?
False
Is 353 a factor of 560788?
False
Is 8350 a multiple of 10?
True
Is 8364 a multiple of 2?
True
Is 227 a factor of 143841?
False
Is 5967 a multiple of 5?
False
Is 11 a factor of 201320?
False
Is 52015 a multiple of 29?
False
Does 363 divide 1740918?
False
Is 89 a factor of 10413?
True
Is 768092 a multiple of 394?
False
Is 198 a multiple of 99?
True
Is 1505910 a multiple of 35?
True
Is 21681594 a multiple of 621?